May 20 23:16:33 cmx01.la1.blah.com postfix/smtpd[285694]: connect from localhost[127.0.0.1]
May 20 23:16:33 cmx01.la1.blah.com postfix/smtpd[285694]: Anonymous TLS connection established from localhost[127.0.0.1]: TLSv1.3 with cipher TLS_AES_256_GCM_SHA384 (256/256 bits) key-exchange X25519 server-signature RSA-PSS (4096 bits) server-digest SHA256
May 20 23:16:34 cmx01.la1.blah.com postfix/smtpd[285694]: 4L4tdt0Fk8z2SSLv: client=localhost[127.0.0.1]
May 20 23:16:34 cmx01.la1.blah.com postfix/cleanup[285696]: 4L4tdt0Fk8z2SSLv: message-id=
May 20 23:16:34 cmx01.la1.blah.com postfix/smtpd[285694]: disconnect from localhost[127.0.0.1] ehlo=2 starttls=1 mail=1 rcpt=1 data=1 quit=1 commands=7
May 20 23:16:34 cmx01.la1.blah.com postfix/qmgr[1059]: 4L4tdt0Fk8z2SSLv: from=, size=4998, nrcpt=1 (queue active)
May 20 23:16:34 cmx01.la1.blah.com postfix/smtp[285697]: ldapdb
May 20 23:16:34 cmx01.la1.blah.com postfix/smtp[285697]: _sasl_plugin_load failed on sasl_canonuser_init
May 20 23:16:34 cmx01.la1.blah.com postfix/smtp[285697]: 4L4tdt0Fk8z2SSLv: to=, relay=127.0.0.1[127.0.0.1]:10025, delay=0.39, delays=0.36/0.02/0/0, dsn=2.6.0, status=sent (250 2.6.0 Message received)
May 20 23:16:34 cmx01.la1.blah.com postfix/qmgr[1059]: 4L4tdt0Fk8z2SSLv: removed
May 20 23:16:34 cmx01.la1.blah.com postfix/smtpd[285698]: connect from localhost[127.0.0.1]
May 20 23:16:35 cmx01.la1.blah.com postfix/smtpd[285698]: 4L4tdv0qZlz2SSLv: client=localhost[127.0.0.1], orig_client=localhost[127.0.0.1]
May 20 23:16:35 cmx01.la1.blah.com postfix/cleanup[285701]: 4L4tdv0qZlz2SSLv: message-id=
May 20 23:16:35 cmx01.la1.blah.com postfix/qmgr[1059]: 4L4tdv0qZlz2SSLv: from=, size=5226, nrcpt=1 (queue active)
May 20 23:16:35 cmx01.la1.blah.com postfix/smtpd[285698]: disconnect from localhost[127.0.0.1] ehlo=1 xforward=1 mail=1 rcpt=1 data=1 quit=1 commands=6
May 20 23:16:35 cmx01.la1.blah.com postfix/smtp[285702]: ldapdb
May 20 23:16:35 cmx01.la1.blah.com postfix/smtp[285702]: _sasl_plugin_load failed on sasl_canonuser_init
May 20 23:16:35 cmx01.la1.blah.com postfix/smtp[285702]: Trusted TLS connection established to mx1.la1.blah.com[192.168.30.21]:25: TLSv1.3 with cipher TLS_AES_256_GCM_SHA384 (256/256 bits) key-exchange X25519 server-signature RSA-PSS (4096 bits) server-digest SHA256
May 20 23:16:36 cmx01.la1.blah.com postfix/smtp[285702]: 4L4tdv0qZlz2SSLv: to=, relay=mx1.la1.blah.com[192.168.30.21]:25, delay=1.5, delays=0.27/0.03/0.1/1.1, dsn=2.0.0, status=sent (250 2.0.0 Ok: queued as 7C32952BBDB)
May 20 23:16:36 cmx01.la1.blah.com postfix/qmgr[1059]: 4L4tdv0qZlz2SSLv: removed
May 20 23:16:37 cmx01.la1.blah.com postfix/smtpd[285694]: connect from localhost[127.0.0.1]
May 20 23:16:38 cmx01.la1.blah.com postfix/smtpd[285694]: Anonymous TLS connection established from localhost[127.0.0.1]: TLSv1.3 with cipher TLS_AES_256_GCM_SHA384 (256/256 bits) key-exchange X25519 server-signature RSA-PSS (4096 bits) server-digest SHA256
May 20 23:16:38 cmx01.la1.blah.com postfix/smtpd[285694]: 4L4tdy3tg5z2SSLv: client=localhost[127.0.0.1]
May 20 23:16:38 cmx01.la1.blah.com postfix/cleanup[285696]: 4L4tdy3tg5z2SSLv: message-id=
May 20 23:16:38 cmx01.la1.blah.com postfix/qmgr[1059]: 4L4tdy3tg5z2SSLv: from=, size=6531, nrcpt=1 (queue active)
May 20 23:16:38 cmx01.la1.blah.com postfix/smtpd[285694]: disconnect from localhost[127.0.0.1] ehlo=2 starttls=1 mail=1 rcpt=1 data=1 quit=1 commands=7
May 20 23:16:38 cmx01.la1.blah.com postfix/smtp[285697]: 4L4tdy3tg5z2SSLv: to=, relay=127.0.0.1[127.0.0.1]:10025, delay=0.32, delays=0.31/0/0/0, dsn=2.6.0, status=sent (250 2.6.0 Message received)
May 20 23:16:38 cmx01.la1.blah.com postfix/qmgr[1059]: 4L4tdy3tg5z2SSLv: removed
May 20 23:16:39 cmx01.la1.blah.com postfix/smtpd[285698]: connect from localhost[127.0.0.1]
May 20 23:16:39 cmx01.la1.blah.com postfix/smtpd[285698]: 4L4tdz2hBZz2SSLv: client=localhost[127.0.0.1], orig_client=localhost[127.0.0.1]
May 20 23:16:39 cmx01.la1.blah.com postfix/cleanup[285701]: 4L4tdz2hBZz2SSLv: message-id=
May 20 23:16:39 cmx01.la1.blah.com postfix/smtpd[285698]: disconnect from localhost[127.0.0.1] ehlo=1 xforward=1 mail=1 rcpt=1 data=1 quit=1 commands=6
May 20 23:16:39 cmx01.la1.blah.com postfix/qmgr[1059]: 4L4tdz2hBZz2SSLv: from=, size=6759, nrcpt=1 (queue active)
May 20 23:16:39 cmx01.la1.blah.com postfix/smtp[285702]: Trusted TLS connection established to mx1.la1.blah.com[192.168.30.21]:25: TLSv1.3 with cipher TLS_AES_256_GCM_SHA384 (256/256 bits) key-exchange X25519 server-signature RSA-PSS (4096 bits) server-digest SHA256
May 20 23:16:40 cmx01.la1.blah.com postfix/smtp[285702]: 4L4tdz2hBZz2SSLv: to=, relay=mx1.la1.blah.com[192.168.30.21]:25, delay=1.1, delays=0.13/0/0.07/0.93, dsn=2.0.0, status=sent (250 2.0.0 Ok: queued as 901C752BBDB)
May 20 23:16:40 cmx01.la1.blah.com postfix/qmgr[1059]: 4L4tdz2hBZz2SSLv: removed
May 20 23:16:41 cmx01.la1.blah.com postfix/smtpd[285694]: connect from localhost[127.0.0.1]
May 20 23:16:41 cmx01.la1.blah.com postfix/smtpd[285694]: Anonymous TLS connection established from localhost[127.0.0.1]: TLSv1.3 with cipher TLS_AES_256_GCM_SHA384 (256/256 bits) key-exchange X25519 server-signature RSA-PSS (4096 bits) server-digest SHA256
May 20 23:16:41 cmx01.la1.blah.com postfix/smtpd[285694]: 4L4tf16WcRz2SSLv: client=localhost[127.0.0.1]
May 20 23:16:42 cmx01.la1.blah.com postfix/cleanup[285696]: 4L4tf16WcRz2SSLv: message-id=
May 20 23:16:42 cmx01.la1.blah.com postfix/qmgr[1059]: 4L4tf16WcRz2SSLv: from=, size=8064, nrcpt=1 (queue active)
May 20 23:16:42 cmx01.la1.blah.com postfix/smtpd[285694]: disconnect from localhost[127.0.0.1] ehlo=2 starttls=1 mail=1 rcpt=1 data=1 quit=1 commands=7
May 20 23:16:42 cmx01.la1.blah.com postfix/smtp[285697]: 4L4tf16WcRz2SSLv: to=, relay=127.0.0.1[127.0.0.1]:10025, delay=0.35, delays=0.35/0/0/0, dsn=2.6.0, status=sent (250 2.6.0 Message received)
May 20 23:16:42 cmx01.la1.blah.com postfix/qmgr[1059]: 4L4tf16WcRz2SSLv: removed
May 20 23:16:42 cmx01.la1.blah.com postfix/smtpd[285698]: connect from localhost[127.0.0.1]
May 20 23:16:42 cmx01.la1.blah.com postfix/smtpd[285698]: 4L4tf26Ypyz2SSLv: client=localhost[127.0.0.1], orig_client=localhost[127.0.0.1]
May 20 23:16:42 cmx01.la1.blah.com postfix/cleanup[285701]: 4L4tf26Ypyz2SSLv: message-id=
May 20 23:16:43 cmx01.la1.blah.com postfix/qmgr[1059]: 4L4tf26Ypyz2SSLv: from=, size=8292, nrcpt=1 (queue active)
May 20 23:16:43 cmx01.la1.blah.com postfix/smtpd[285698]: disconnect from localhost[127.0.0.1] ehlo=1 xforward=1 mail=1 rcpt=1 data=1 quit=1 commands=6
May 20 23:16:43 cmx01.la1.blah.com postfix/smtp[285702]: Trusted TLS connection established to mx1.la1.blah.com[192.168.30.21]:25: TLSv1.3 with cipher TLS_AES_256_GCM_SHA384 (256/256 bits) key-exchange X25519 server-signature RSA-PSS (4096 bits) server-digest SHA256
May 20 23:16:44 cmx01.la1.blah.com postfix/smtp[285702]: 4L4tf26Ypyz2SSLv: to=, relay=mx1.la1.blah.com[192.168.30.21]:25, delay=1.2, delays=0.2/0/0.03/0.96, dsn=2.0.0, status=sent (250 2.0.0 Ok: queued as 265E552BBDB)
May 20 23:16:44 cmx01.la1.blah.com postfix/qmgr[1059]: 4L4tf26Ypyz2SSLv: removed
May 20 23:16:44 cmx01.la1.blah.com postfix/smtpd[285694]: connect from localhost[127.0.0.1]
May 20 23:16:45 cmx01.la1.blah.com postfix/smtpd[285694]: Anonymous TLS connection established from localhost[127.0.0.1]: TLSv1.3 with cipher TLS_AES_256_GCM_SHA384 (256/256 bits) key-exchange X25519 server-signature RSA-PSS (4096 bits) server-digest SHA256
May 20 23:16:45 cmx01.la1.blah.com postfix/smtpd[285694]: 4L4tf539qgz2SSLv: client=localhost[127.0.0.1]
May 20 23:16:45 cmx01.la1.blah.com postfix/cleanup[285696]: 4L4tf539qgz2SSLv: message-id=
May 20 23:16:45 cmx01.la1.blah.com postfix/qmgr[1059]: 4L4tf539qgz2SSLv: from=, size=9597, nrcpt=1 (queue active)
May 20 23:16:45 cmx01.la1.blah.com postfix/smtpd[285694]: disconnect from localhost[127.0.0.1] ehlo=2 starttls=1 mail=1 rcpt=1 data=1 quit=1 commands=7
May 20 23:16:45 cmx01.la1.blah.com postfix/smtp[285697]: 4L4tf539qgz2SSLv: to=, relay=127.0.0.1[127.0.0.1]:10025, delay=0.33, delays=0.32/0/0/0, dsn=2.6.0, status=sent (250 2.6.0 Message received)
May 20 23:16:45 cmx01.la1.blah.com postfix/qmgr[1059]: 4L4tf539qgz2SSLv: removed
May 20 23:16:46 cmx01.la1.blah.com postfix/smtpd[285698]: connect from localhost[127.0.0.1]
May 20 23:16:46 cmx01.la1.blah.com postfix/smtpd[285698]: 4L4tf63zp6z2SSLv: client=localhost[127.0.0.1], orig_client=localhost[127.0.0.1]
May 20 23:16:46 cmx01.la1.blah.com postfix/cleanup[285701]: 4L4tf63zp6z2SSLv: message-id=
May 20 23:16:46 cmx01.la1.blah.com postfix/smtpd[285698]: disconnect from localhost[127.0.0.1] ehlo=1 xforward=1 mail=1 rcpt=1 data=1 quit=1 commands=6
May 20 23:16:46 cmx01.la1.blah.com postfix/qmgr[1059]: 4L4tf63zp6z2SSLv: from=, size=9825, nrcpt=1 (queue active)
May 20 23:16:46 cmx01.la1.blah.com postfix/smtp[285702]: Trusted TLS connection established to mx1.la1.blah.com[192.168.30.21]:25: TLSv1.3 with cipher TLS_AES_256_GCM_SHA384 (256/256 bits) key-exchange X25519 server-signature RSA-PSS (4096 bits) server-digest SHA256
May 20 23:16:48 cmx01.la1.blah.com postfix/smtp[285702]: 4L4tf63zp6z2SSLv: to=, relay=mx1.la1.blah.com[192.168.30.21]:25, delay=1.6, delays=0.16/0/0.03/1.4, dsn=2.0.0, status=sent (250 2.0.0 Ok: queued as BA3C552BBDB)
May 20 23:16:48 cmx01.la1.blah.com postfix/qmgr[1059]: 4L4tf63zp6z2SSLv: removed
May 20 23:16:48 cmx01.la1.blah.com postfix/smtpd[285694]: connect from localhost[127.0.0.1]
May 20 23:16:49 cmx01.la1.blah.com postfix/smtpd[285694]: Anonymous TLS connection established from localhost[127.0.0.1]: TLSv1.3 with cipher TLS_AES_256_GCM_SHA384 (256/256 bits) key-exchange X25519 server-signature RSA-PSS (4096 bits) server-digest SHA256
May 20 23:16:49 cmx01.la1.blah.com postfix/smtpd[285694]: 4L4tf94Dv8z2SSLv: client=localhost[127.0.0.1]
May 20 23:16:49 cmx01.la1.blah.com postfix/cleanup[285696]: 4L4tf94Dv8z2SSLv: message-id=
May 20 23:16:49 cmx01.la1.blah.com postfix/qmgr[1059]: 4L4tf94Dv8z2SSLv: from=, size=11130, nrcpt=1 (queue active)
May 20 23:16:49 cmx01.la1.blah.com postfix/smtpd[285694]: disconnect from localhost[127.0.0.1] ehlo=2 starttls=1 mail=1 rcpt=1 data=1 quit=1 commands=7
May 20 23:16:49 cmx01.la1.blah.com postfix/smtp[285697]: 4L4tf94Dv8z2SSLv: to=, relay=127.0.0.1[127.0.0.1]:10025, delay=0.32, delays=0.31/0/0/0, dsn=2.6.0, status=sent (250 2.6.0 Message received)
May 20 23:16:49 cmx01.la1.blah.com postfix/qmgr[1059]: 4L4tf94Dv8z2SSLv: removed
May 20 23:16:50 cmx01.la1.blah.com postfix/smtpd[285698]: connect from localhost[127.0.0.1]
May 20 23:16:50 cmx01.la1.blah.com postfix/smtpd[285698]: 4L4tfB4pWWz2SSLv: client=localhost[127.0.0.1], orig_client=localhost[127.0.0.1]
May 20 23:16:50 cmx01.la1.blah.com postfix/cleanup[285701]: 4L4tfB4pWWz2SSLv: message-id=
May 20 23:16:50 cmx01.la1.blah.com postfix/smtpd[285698]: disconnect from localhost[127.0.0.1] ehlo=1 xforward=1 mail=1 rcpt=1 data=1 quit=1 commands=6
May 20 23:16:50 cmx01.la1.blah.com postfix/qmgr[1059]: 4L4tfB4pWWz2SSLv: from=, size=11358, nrcpt=1 (queue active)
May 20 23:16:50 cmx01.la1.blah.com postfix/smtp[285702]: Trusted TLS connection established to mx1.la1.blah.com[192.168.30.21]:25: TLSv1.3 with cipher TLS_AES_256_GCM_SHA384 (256/256 bits) key-exchange X25519 server-signature RSA-PSS (4096 bits) server-digest SHA256
May 20 23:16:52 cmx01.la1.blah.com postfix/smtp[285702]: 4L4tfB4pWWz2SSLv: to=, relay=mx1.la1.blah.com[192.168.30.21]:25, delay=1.5, delays=0.12/0/0.03/1.4, dsn=2.0.0, status=sent (250 2.0.0 Ok: queued as CBB4552BBDB)
May 20 23:16:52 cmx01.la1.blah.com postfix/qmgr[1059]: 4L4tfB4pWWz2SSLv: removed
May 20 23:16:52 cmx01.la1.blah.com postfix/smtpd[285694]: connect from localhost[127.0.0.1]
May 20 23:16:53 cmx01.la1.blah.com postfix/smtpd[285694]: Anonymous TLS connection established from localhost[127.0.0.1]: TLSv1.3 with cipher TLS_AES_256_GCM_SHA384 (256/256 bits) key-exchange X25519 server-signature RSA-PSS (4096 bits) server-digest SHA256
May 20 23:16:53 cmx01.la1.blah.com postfix/smtpd[285694]: 4L4tfF3V57z2SSLv: client=localhost[127.0.0.1]
May 20 23:16:53 cmx01.la1.blah.com postfix/cleanup[285696]: 4L4tfF3V57z2SSLv: message-id=
May 20 23:16:53 cmx01.la1.blah.com postfix/qmgr[1059]: 4L4tfF3V57z2SSLv: from=, size=12663, nrcpt=1 (queue active)
May 20 23:16:53 cmx01.la1.blah.com postfix/smtpd[285694]: disconnect from localhost[127.0.0.1] ehlo=2 starttls=1 mail=1 rcpt=1 data=1 quit=1 commands=7
May 20 23:16:53 cmx01.la1.blah.com postfix/smtp[285697]: 4L4tfF3V57z2SSLv: to=, relay=127.0.0.1[127.0.0.1]:10025, delay=0.43, delays=0.43/0/0/0, dsn=2.6.0, status=sent (250 2.6.0 Message received)
May 20 23:16:53 cmx01.la1.blah.com postfix/qmgr[1059]: 4L4tfF3V57z2SSLv: removed
May 20 23:16:54 cmx01.la1.blah.com postfix/smtpd[285698]: connect from localhost[127.0.0.1]
May 20 23:16:54 cmx01.la1.blah.com postfix/smtpd[285698]: 4L4tfG5Hxxz2SSLv: client=localhost[127.0.0.1], orig_client=localhost[127.0.0.1]
May 20 23:16:54 cmx01.la1.blah.com postfix/cleanup[285701]: 4L4tfG5Hxxz2SSLv: message-id=
May 20 23:16:54 cmx01.la1.blah.com postfix/qmgr[1059]: 4L4tfG5Hxxz2SSLv: from=, size=12891, nrcpt=1 (queue active)
May 20 23:16:54 cmx01.la1.blah.com postfix/smtpd[285698]: disconnect from localhost[127.0.0.1] ehlo=1 xforward=1 mail=1 rcpt=1 data=1 quit=1 commands=6
May 20 23:16:54 cmx01.la1.blah.com postfix/smtp[285702]: Trusted TLS connection established to mx1.la1.blah.com[192.168.30.21]:25: TLSv1.3 with cipher TLS_AES_256_GCM_SHA384 (256/256 bits) key-exchange X25519 server-signature RSA-PSS (4096 bits) server-digest SHA256
May 20 23:16:55 cmx01.la1.blah.com postfix/smtp[285702]: 4L4tfG5Hxxz2SSLv: to=, relay=mx1.la1.blah.com[192.168.30.21]:25, delay=0.99, delays=0.11/0/0.04/0.84, dsn=2.0.0, status=sent (250 2.0.0 Ok: queued as DAF2752BBDB)
May 20 23:16:55 cmx01.la1.blah.com postfix/qmgr[1059]: 4L4tfG5Hxxz2SSLv: removed
May 20 23:16:56 cmx01.la1.blah.com postfix/smtpd[285694]: connect from localhost[127.0.0.1]
May 20 23:16:56 cmx01.la1.blah.com postfix/smtpd[285694]: Anonymous TLS connection established from localhost[127.0.0.1]: TLSv1.3 with cipher TLS_AES_256_GCM_SHA384 (256/256 bits) key-exchange X25519 server-signature RSA-PSS (4096 bits) server-digest SHA256
May 20 23:16:57 cmx01.la1.blah.com postfix/smtpd[285694]: 4L4tfK0Lsmz2SSLv: client=localhost[127.0.0.1]
May 20 23:16:57 cmx01.la1.blah.com postfix/cleanup[285696]: 4L4tfK0Lsmz2SSLv: message-id=
May 20 23:16:57 cmx01.la1.blah.com postfix/qmgr[1059]: 4L4tfK0Lsmz2SSLv: from=, size=14196, nrcpt=1 (queue active)
May 20 23:16:57 cmx01.la1.blah.com postfix/smtpd[285694]: disconnect from localhost[127.0.0.1] ehlo=2 starttls=1 mail=1 rcpt=1 data=1 quit=1 commands=7
May 20 23:16:57 cmx01.la1.blah.com postfix/smtp[285697]: 4L4tfK0Lsmz2SSLv: to=, relay=127.0.0.1[127.0.0.1]:10025, delay=0.29, delays=0.29/0/0/0, dsn=2.6.0, status=sent (250 2.6.0 Message received)
May 20 23:16:57 cmx01.la1.blah.com postfix/qmgr[1059]: 4L4tfK0Lsmz2SSLv: removed
May 20 23:16:58 cmx01.la1.blah.com postfix/smtpd[285698]: connect from localhost[127.0.0.1]
May 20 23:16:58 cmx01.la1.blah.com postfix/smtpd[285698]: 4L4tfL1kV2z2SSLv: client=localhost[127.0.0.1], orig_client=localhost[127.0.0.1]
May 20 23:16:58 cmx01.la1.blah.com postfix/cleanup[285701]: 4L4tfL1kV2z2SSLv: message-id=
May 20 23:16:58 cmx01.la1.blah.com postfix/qmgr[1059]: 4L4tfL1kV2z2SSLv: from=, size=14424, nrcpt=1 (queue active)
May 20 23:16:58 cmx01.la1.blah.com postfix/smtpd[285698]: disconnect from localhost[127.0.0.1] ehlo=1 xforward=1 mail=1 rcpt=1 data=1 quit=1 commands=6
May 20 23:16:58 cmx01.la1.blah.com postfix/smtp[285702]: Trusted TLS connection established to mx1.la1.blah.com[192.168.30.21]:25: TLSv1.3 with cipher TLS_AES_256_GCM_SHA384 (256/256 bits) key-exchange X25519 server-signature RSA-PSS (4096 bits) server-digest SHA256
May 20 23:16:59 cmx01.la1.blah.com postfix/smtp[285702]: 4L4tfL1kV2z2SSLv: to=, relay=mx1.la1.blah.com[192.168.30.21]:25, delay=1.2, delays=0.15/0/0.03/1, dsn=2.0.0, status=sent (250 2.0.0 Ok: queued as 6A89252BBDB)
May 20 23:16:59 cmx01.la1.blah.com postfix/qmgr[1059]: 4L4tfL1kV2z2SSLv: removed
May 20 23:16:59 cmx01.la1.blah.com postfix/smtpd[285694]: connect from localhost[127.0.0.1]